by 5?
4
Suppose u = 3*z + 89, -4*z - 2*u = -0*u + 132. Let o = z - -38. What is the remainder when 34 is divided by o?
6
Let j be 3440/24 - 4/(-6). Suppose 0*d = -8*d + j. What is the remainder when d is divided by 4?
2
Let n(l) = -l**3 - 7*l**2 - 4*l + 2. Let a be n(-6). Let s(v) = -v**3 - 8*v**2 + 12*v - 22. Calculate the remainder when s(a) is divided by 31.
27
Suppose 0 = 32*z + 36*z - 27948. Calculate the remainder when z is divided by 84.
75
Suppose 174*u - 179*u = -145. Suppose 6*r + 25 = 121. Calculate the remainder when u is divided by r.
13
Let h = 86 + -61. Let x = 78 + -84. Calculate the remainder when h is divided by 1*(2/x)/(7/(-147)).
4
Let h(c) = 6*c**3 - c**2 - 2*c - 1. What is the remainder when h(2) is divided by (9/12*-4)/((-3)/10)?
9
What is the remainder when 91 is divided by 12/(0 - -3) + 18 + -2?
11
What is the remainder when 104 is divided by (3 + -9 - -4)*-25?
4
Let l = 89 - 45. Suppose 2*i = -3*v + 21 + 9, -2*v + 40 = 3*i. Calculate the remainder when l is divided by i.
8
Suppose -2*u - 5*m = -16, -7*u + 2*u + 5*m - 30 = 0. What is the remainder when -3*5/((-45)/39) is divided by u/2 - 2 - -8?
3
Suppose 143 + 173 = 2*c. What is the remainder when c is divided by 20?
18
Suppose 0 = 2*r + 3 - 5. Let g be 0 + 0 + 4/r. Suppose q = g*q - 90. What is the remainder when 58 is divided by q?
28
Let h = -267 - -341. What is the remainder when h is divided by 11?
8
Suppose 0 = -4*g + s + 68, 12*s - 28 = -g + 15*s. Suppose -3*u - 34 = -217. Calculate the remainder when u is divided by g.
13
Let h be (-20)/6*(-9)/6. Suppose -l - h = 13. Let p = l + 24. What is the remainder when 16 is divided by p?
4
Let h = 5 - 5. Suppose 2*t = w + 6*t - 22, h = -w + t - 3. What is the remainder when w/(-3)*(-171)/2 is divided by 29?
28
Let g(a) = -10*a + 2. What is the remainder when (4/1 - -52)*(1 + 0) is divided by g(-1)?
8
Let s(x) = -9*x**3 - 3*x**2 - 6*x - 2. Suppose 0 = 4*w - 3 + 11. Suppose -2*m + 90 = 3*m. Calculate the remainder when s(w) is divided by m.
16
Suppose 10 = r - 3*l, -2*l = 4*r - 0*l - 110. What is the remainder when 322 is divided by r?
22
Let o = 204 - 157. Suppose 0 = -4*l, -4*l - 21 = -3*k + l. Calculate the remainder when o is divided by k.
5
Let d(l) = -3*l**2 - 31*l + 28. Let k(f) = -f**2 + 1. Let r(s) = -d(s) + 2*k(s). What is the remainder when 105 is divided by r(-32)?
3
Let c(l) = -l - 1. Let y be (1 - -2)/((-9)/(-15)). Suppose z - 22 = -z + 3*p, 0 = -z - y*p + 11. Calculate the remainder when z is divided by c(-5).
3
Let x(h) = 17*h + 14. Let b be x(-5). Let g = 99 + b. What is the remainder when 55 is divided by g?
27
Let n = 120 - 66. Let a(p) = p**2 - 46*p + 233. Calculate the remainder when n is divided by a(41).
26
Let x be 4*((-4)/(-48)*-3 - 2). Let r = x + 26. Calculate the remainder when 22 is divided by r.
5
Let f(w) = 13*w + 40. Let j(i) = -195*i - 598. Let o(c) = -91*f(c) - 6*j(c). Calculate the remainder when o(-5) is divided by 8.
5
Suppose -a = -0*a - 41. Let r(i) = 11*i**3 + i**2 - 3*i + 2. What is the remainder when a is divided by r(1)?
8
What is the remainder when 72 is divided by 198/11*(-5)/(-6)?
12
Let m = 18 + 52. Calculate the remainder when 209 is divided by m.
69
Let h(i) = -i**2 + 4. Let g be h(2). Suppose -4*c + 62 - 26 = g. Let s = 9 + 33. What is the remainder when s is divided by c?
6
Let z(t) = -2*t - 2. Let k be z(3). What is the remainder when (-592)/(-10) - k/(-40) is divided by 12?
11
Let w(o) = -40*o**2 + 34*o**2 + 5 - 2*o**3 + o**3. What is the remainder when 26 is divided by w(-6)?
1
Let k(n) = -n**2 - 6*n - 1. Let j be k(-6). Let c(b) = -8*b + 2. What is the remainder when 16 is divided by c(j)?
6
Let g = -132 + 162. Calculate the remainder when g is divided by 11.
8
Let p(n) = 32 - 26 + n + 74 - n**2. Let j be p(0). Suppose 4*u = -u + j. Calculate the remainder when 79 is divided by u.
15
Let x = 23 - 20. Suppose 2*c = -x*c + i + 147, c - 39 = 5*i. Calculate the remainder when c is divided by 16.
13
Let m(l) = 6*l**2 - 3*l + 5. Let n be m(3). Suppose 2*w = -3*w + n. Suppose 3*x - w = -4. Calculate the remainder when 5 is divided by x.
1
Suppose -a = -2*d + 2, d + 3*a + 2 = 2*a. Suppose -3*p + 0*p + 120 = d. Suppose 2*m + 4 = p. What is the remainder when m is divided by 10?
8
Let y(n) = -3*n + 11. Let w(p) = 2*p - 12. Let c(t) = 3*w(t) + 4*y(t). Calculate the remainder when c(-14) is divided by 25.
17
Calculate the remainder when 130 is divided by -1 + -2 + 36 + 5 + -5.
31
Suppose -4*z = 2*t + 14, -4*t - z - 93 + 30 = 0. Calculate the remainder when 81 is divided by (-240)/t - (-6)/(-51).
11
Let x = 112 - 60. Let j(h) = -h**3 + 8*h**2 - 4*h - 7. Calculate the remainder when x is divided by j(7).
10
Let v(s) = -s**2 + 27*s - 52. Calculate the remainder when v(8) is divided by 44.
12
Let k = -53 + -49. Let n = -65 - k. Calculate the remainder when 110 is divided by n.
36
Let a(o) = 10*o - 7. Let v be 0 + -4 + (3 - 14). Let x(r) = r**3 + 16*r**2 + 14*r - 9. Let k be x(v). Calculate the remainder when a(k) is divided by 14.
11
What is the remainder when 122 is divided by 6/16*-4*(-52)/3?
18
Suppose 25*w - 17*w - 304 = 0. What is the remainder when 148 is divided by w?
34
Suppose -2*k - 28 = 3*x - 431, 5*k = -2*x + 254. What is the remainder when x is divided by 24?
17
Calculate the remainder when 32 is divided by 0 + 6 + 1 + 0.
4
Let m be 10/(-25) + 62/5. Let b(h) = h**3 - 11*h**2 - 12*h - 6. Let g be b(m). What is the remainder when 44 is divided by g/4 - 98/(-4)?
21
Let t(x) = -2 - 6*x + 0*x + 5*x. What is the remainder when 2 is divided by t(-4)?
0
Let f be (-12)/21*(-21)/6. Suppose f*u - 6*u = -16. Calculate the remainder when 13 is divided by u.
1
Suppose -g + 1012 = 3*m, -672 = -2*m + 2*g - 4*g. Calculate the remainder when m is divided by 4.
2
Suppose 0 = -16*k - 231 + 1319. What is the remainder when k is divided by 38?
30
Let n(t) = t**2 + 13*t - 3. Let r be n(-8). Let h = -36 - r. What is the remainder when h is divided by (-20)/8*(-4)/5?
1
Let y(d) = -1. Let x(n) = -15*n - 16. Let k(v) = -x(v) + 3*y(v). Calculate the remainder when k(7) is divided by 24.
22
Suppose 66 = -28*u + 458. Let a(d) = d**2 + 2*d + 2. Calculate the remainder when a(-7) is divided by u.
9
Suppose 50*i = 46*i + 320. Suppose -19*j + 15*j + i = 0. What is the remainder when 78 is divided by j?
18
Suppose -c + 3 = 1, -d = 5*c + 16. Let p = d + 59. Calculate the remainder when p is divided by 9.
6
Let j(q) be the first derivative of 3*q**3 - 5/2*q**2 + 9 + 3*q. Calculate the remainder when j(2) is divided by 16.
13
Let r be (144/(-10))/(9/(-210)). Suppose 0 = -o + 8*o - r. What is the remainder when o is divided by 17?
14
Suppose 2*n + 24 = 54. What is the remainder when 41 is divided by n?
11
Suppose 0 = 11*z + 60*z - 6674. Calculate the remainder when 281 is divided by z.
93
Let j = 1709 - 269. What is the remainder when j is divided by 103?
101
Suppose -g + 15 = 5*p, g + 4*p = 16 - 0. Suppose 5*d - 1549 + 379 = 0. Suppose d = z + 2*z. What is the remainder when z is divided by g?
18
Let p(u) = -u**2 + 7*u + 17. Let z = 202 + 544. What is the remainder when 1/(-6) - z/(-12) is divided by p(7)?
11
Suppose 1248 = 4198*s - 4186*s. What is the remainder when s is divided by 7?
6
Suppose -2*i = -4*i + 66. Suppose -2*f + 3*z = -303 - 46, 2*f - 4*z - 356 = 0. What is the remainder when f is divided by i?
32
Let v = 20 - -5. Let a be (-6)/(-2) + 12/(-4). Suppose -3*m + 0*m + 39 = a. What is the remainder when v is divided by m?
12
Suppose 0 = -v - 15 - 4. Let b = -10 - v. What is the remainder when b is divided by (4/18)/(10/135)?
0
Let q(r) = r**2 - 2*r - 4. Let o = 145 - 153. Calculate the remainder when q(o) is divided by 2 + -1 + 25*1.
24
Calculate the remainder when 9 is divided by 6/4 - (27/(-18) + -4).
2
Suppose -289*z = -284*z - 970. What is the remainder when z is divided by 39?
38
Suppose -2*t + 43 = -111. Let l(v) = -5*v - 10. Let d be l(-3). Suppose 4*k - 151 = -h, 0 = 4*h + 15 + d. Calculate the remainder when t is divided by k.
38
Let a(k) be the third derivative of -5*k**4/8 - 10*k**2. Let w be a(2). What is the remainder when 35/6 + (-5)/w is divided by 2?
0
Let v be 4/(-8)*5*-12. Suppose v = 2*s - 4. What is the remainder when 67 is divided by s?
16
Let b = 430 - 424. Calculate th